{"id":286,"date":"2010-02-07T23:00:12","date_gmt":"2010-02-07T23:00:12","guid":{"rendered":"http:\/\/www.interamericanstudies.net\/wordpress\/?page_id=286"},"modified":"2012-10-27T13:46:00","modified_gmt":"2012-10-27T13:46:00","slug":"members-bibliography-2","status":"publish","type":"page","link":"http:\/\/www.interamericanstudies.net\/?page_id=286","title":{"rendered":"Members Bibliography 2010"},"content":{"rendered":"<p>Andres, Julia. \u201cT\u00fa eres mi otro yo \u2013 Your Story is my Story; <em>Caramelo<\/em>: Strands of Memory Woven into a Universal Pattern.\u201d <em>Remembering and Forgetting: Memory in Images and Texts.<\/em> Ed. Raussert\/Love\/Andres\/Joyce. Bielefeld: Aisthesis Verlag, 2010.<\/p>\n<p>Arguelles Arredondo, Carlos Gabriel, \u201cLa posici\u00f3n de Canad\u00e1 respecto al fen\u00f3meno de la migraci\u00f3n y la inmigraci\u00f3n al interior del pa\u00eds.\u201d <em>Canad\u00e1 y Am\u00e9rica Latina: relaciones econ\u00f3micas, migraciones e identidad<\/em>. Ed Montero Contreras, Delia, Rodr\u00edguez Rodr\u00edguez Ra\u00fal. La Habana: Editorial Universitaria Ministerio de Educaci\u00f3n Superior, 2010. 83-108.<\/p>\n<p>Arguelles Arredondo, Carlos Gabriel, \u201cCanad\u00e1 y Am\u00e9rica Latina. Una relaci\u00f3n estrat\u00e9gica hacia la integraci\u00f3n econ\u00f3mica.\u201d <em>Revista Mexicana de Estudios Canadienses<\/em>, No. 20, Oto\u00f1o-Invierno 2010-2011. 56-73.<\/p>\n<p>Berg, Olaf. \u201eAuf filmischer Spurensuche im Chile nach der Diktatur: Patricio Guzm\u00e1n und Carmen Castillo\u201c. <em>Der andere 11. September: Gesellschaft und Ethik nach dem Milit\u00e4rputsch in Chile<\/em> Ed. Cristian Alvarado Leyton. M\u00fcnster: Westf\u00e4lisches Dampfboot, 2010. 121-141.<\/p>\n<p>Esplin, Emron. &#8220;Reading and Re-Reading: Jorge Luis Borges\u2019 Literary Criticism on Edgar Allan Poe.\u201d <em>Comparative American Studies <\/em>8.4, 2010. 247-66.<\/p>\n<p>&#8212;. \u201cThe Mexican Revolution in the Eyes of Katherine Anne Porter and Nellie Campobello.\u201d <em>Arizona Quarterly<\/em> 66.3, 2010. 99-122.<\/p>\n<p>Fellner, Astrid M. \u201c<em>Fronteras Americanas<\/em>: Guillermo Verdecchia\u2019s Canadian Border Texts.\u201d <em> A Fluid Sense of Self: The Politics of Transnational Identity<\/em>. Ed. Silvia Schultermandl and Sebnem Toplu. Berlin: LIT Verlag, 2010. 231-245.<\/p>\n<p>&#8212;. \u201cTranslating Toronto on a Bicycle: Dionne Brand\u2019s <em>What We All Long For<\/em> and the Challenges of Urbanity.\u201d <em>Transcultural Spaces: Challenges of Urbanity, Ecology and the Environment in the New Millennium; <\/em> Ed. Stefan Brandt and Frank Mehring. REAL: Yearbook of Research in English and American Literature. T\u00fcbingen: Narr, 2010. 231-244.<\/p>\n<p>Giebeler, Cornelia. \u201cFrauen in Chile: Geschlechterverh\u00e4ltnisse in einer heterogenen Region.\u201c <em>Arbeitsbuch zum Weltgebetstag Chile 2011<\/em> Ed. Heilig, Petra. Deutsches Komitee e.V., Stein, 2010.<\/p>\n<p>&#8212;. \u201cIdentit\u00e4tspolitiken transkultureller Feminismen im Spiegel indigener Geschlechterkonstruktionen in den Amerikas<strong> (<\/strong>Elias Canettis R\u00fcckgriff auf \u201eurspr\u00fcngliche Lebensweisen\u201c am Beispiel Jean de L\u00e9rys Brasilianischem Tagebuch 1556 \u2013 1558 und die M\u00fchen der Entmystifizierung \u201ewestlicher\u201c Geschlechterkonstruktionen in den Amerikas).\u201c <em>Frauen und M\u00e4nner \u2013 Die fiktive Doppelmasse?<\/em> Ed. Patillo-Hess, John and Mario S. Smole. Wien, 2010.<\/p>\n<p>&#8212;. \u201cInterkulturelle Praxis.\u201c <em> Handbuch Qualitative Forschungsmethoden<\/em> Ed. Bock, Karin and Ingrid Miethe. Leverkusen, 2010.<\/p>\n<p>&#8212;. \u201cConceptos de Inter-,Trans -,y Intraculturalidad en la Educaci\u00f3n.\u201d <em>Construyendo Interculturalidad: Pueblos Ind\u00edgenas, Educaci\u00f3n y Politicas de Identidad en America Latina. <\/em> Ed. Gregor- Str\u00f6bele,Juliana, Olaf Kaltmeier and Cornelia Giebeler. Publikationsreihe der Gesellschaft f\u00fcr Technische Zusammenarbeit (GTZ), 2010.<\/p>\n<p>Graziadei, Daniel. &#8220;Archipi\u00e9lagos literarios.&#8221; <em>Relaciones Caribe\u00f1as. <\/em><em>Entrecruzamientos de dos siglos. \/ Relations Carib\u00e9ennes. Entrecroisements de deux si\u00e8cles. <\/em> Ed. Liliana G\u00f3mez and Gesine M\u00fcller. Frankfurt a.M.: Peter Lang, 2010. 269-284.<\/p>\n<p>&#8212;. &#8220;Der Zauber der Grenze.&#8221; <em> Grenzg\u00e4nger &#038; Exzentriker. Beitr\u00e4ge zum XXV Forum Junge Romanistik in Trier (3.-6. Juni 2009). <\/em> Ed. Lidia Becker et.al. M\u00fcnchen: Martin Meidenbauer, 2010. 175-195.<\/p>\n<p>Haas, Astrid. \u201cDiscourses of Belonging: Language and Identities in Gay Asian American Drama.\u201d <em>Moving Migration: Narrative Transformations in Asian American Literature<\/em>. <em>Contributions to Asian American Literary Stud\u00adies 5.<\/em> Ed. Johanna C. Kardux and Doris Einsiedel M\u00fcnster: Lit Verlag, 2010. 139-60.<\/p>\n<p>Hart, Jonathan. \u201cComparative Postcolonial Literatures and the Continental Empires.\u201d <em>Recherche Litt\u00e9raire \/ Literary Research <\/em>26, 2010. 29-40.<\/p>\n<p>Heide, Markus. &#8220;Ilan Stavans\u2019s On Borrowed Words, Jewish-Latino\/a Writing, and Transnational Autobiography,&#8221; <em>Atlantis: Journal of the Spanish Association of Anglo-American Studies<\/em> 32.1 (2010): 87-102.<\/p>\n<p>Herrera-Sobek, Mar\u00eda. <em>The House on Mango Street: Critical Insights<\/em>. Ipswich, MA:\u00a0Salem Press, 2010.<\/p>\n<p>&#8212;. \u201cThe Naked and the Differently Clothed: Spanish Encounters with Native Americans in 18th Century Explorations of the Pacific Northwest and Southwest.\u201d <em>Camino Real<\/em>. Vol. 2, Madrid: University of Alcal\u00e1, 2010. 69-86.<\/p>\n<p>Joyce, Stephen. \u201cThe Sea of Memory: Cultural Memories and Postmemories of the Japanese Occupation in Korean American Literature.\u201d <em>Remembering and Forgetting: Memory in Images and Texts<\/em>. Ed. Raussert, Wilfried et. al.  Bielefeld: Aisthesis Verlag, 2010.<\/p>\n<p>Kaltmeier, Olaf, Juliana Str\u00f6bele-Gregor and Cornelia Giebeler.<em> <\/em><em>Construyendo Interculturalidad: Pueblos Ind\u00edgenas, Educaci\u00f3n y <\/em><em>Pol\u00edticas de Identidad en Am\u00e9rica Latina. <\/em>Eschborn: GTZ, 2010<em>.<\/em><\/p>\n<p>Kaltmeier, Olaf.<em> <\/em>Heritage Cities and the Trauma of Coloniality. Postcolonial Conflicts about Space, Identity, and Memory in Historic City Centers in the Americas.\u201c <em>Remembering and Forgetting: Memory in Images and Texts<\/em>. Ed. Raussert, Wilfried et. al. Bielefeld: Aisthesis Verlag, 2010.<\/p>\n<p>&#8212;. \u201eEducaci\u00f3n intercultural y pol\u00edticas de identidad.\u201c <em>Construyendo Interculturalidad: Pueblos Ind\u00edgenas, Educaci\u00f3n y Pol\u00edticas de Identidad en Am\u00e9rica Latina<\/em>. Eschborn: GTZ, 2010.<\/p>\n<p>Love, Bond. \u201cSo I will have to see him\u201d: Resisting Cultural Memory in William Faulkner\u2019s <em>Go Down, Moses. <em>Remembering and Forgetting: Memory in Images and Texts<\/em>. <\/em> Ed. Raussert, Wilfried et. al. Bielefeld: Aisthesis Verlag, 2010.<\/p>\n<p>Mart\u00ednez Novo, Carmen. \u201cRacial Discrimination and Citizenship in<br \/>\nEcuador\u2019s Educational System,\u201d <em>Latin American and Caribbean Ethnic Studies 5(1),<\/em> 2010. 1-26.<\/p>\n<p>Mart\u00ednez-Zalce, Graciela, Will Straw and Susana Vargas. <em>Aprehendiendo al delincuente. Crimen y medios en Am\u00e9rica del Norte. <\/em>M\u00e9xico: UNAM-CISAN\/Media@McGill, 2011.<\/p>\n<p>Oppermann, Matthias. \u201cThe World Wide Web and Digital Culture: New Borders, New Media, New American Studies.\u201d <em>Concise Companion to American Studies (Blackwell Companions in Cultural Studies)<\/em>. Ed. Rowe, John Carlos  Blackwell: Oxford, 2010.<\/p>\n<p>&#8212;. <em>American Studies in Dialogue: Radical Reconstructions between Curriculum and Cultural Critique<\/em>. Frankfurt und New York: Campus Verlag, 2010.<\/p>\n<p>Philippov, R. &#8220;A Chapter of Suggestions, Fifty Suggestions, Marginalia, Marginal Notes: fractais da teoria est\u00e9tica de Poe?&#8221; <em>Revista Letras<\/em><em> <\/em><em>Volume 79<\/em>, 2010. 93-104.<\/p>\n<p>&#8212;. &#8220;A Presen\u00e7a dos Fragmentos nas obras de Edgar Allan Poe e Charles Baudelaire.&#8221; <em>Revista todas as letras<\/em><em> Volume 12<\/em>, 2010. 65-71.<\/p>\n<p>&#8212;. &#8220;Edgar Allan Poe and Machado de Assis: How did Machado Read Poe?&#8221; <em>The Comparatist<\/em><sup> <\/sup><em>Volume<\/em> 35, 2011. 221-226.<\/p>\n<p>Poole, Ralph J. &#8220;Bastardized History: Elif Shafak&#8217;s Transnational Poetics&#8221;. <em>Transcultural Spaces:<\/em> <em>Challenges of Urbanity, Ecology, and the Environment in the New Millennium<\/em>; <em>Real: Yearbook of Research in English and American Literature<\/em> Bd. 26. Ed. Brandt, Stefan L., Winfried Fluck and Frank Mehring. T\u00fcbingen: Narr, 2010. 213-230.<\/p>\n<p>&#8212;. &#8220;Cultural Bastards: Caribbean-Canadian Humor in Shani Mootoo&#8217;s <em>Out on Main Street<\/em>&#8220;. <em>Gender Forum, &#8220;Private I, Public Eye&#8221; <\/em>29, 2010. (http:\/\/www.genderforum.org\/issues\/private-i-public-eye\/cultural-bastards\/)<\/p>\n<p>Portocarrero, Gonzalo, Fernanda Montenegro and Stephan Gruber (eds.). <em>Figuraciones del mundo juvenil en el cine contempor\u00e1neo.<\/em> Lima: Centro de Investigaciones Sociol\u00f3gicas, Econ\u00f3micas, pol\u00edticas y Antropol\u00f3gicas y Departamento de Ciencias Sociales de la Pontificia Universidad Cat\u00f3lica del Per\u00fa, 2010.<\/p>\n<p>&#8212;. <em>O\u00eddo en el silencio. Ensayos de cr\u00edtica cultural<\/em>. Lima: Red para el Desarrollo de las Ciencias Sociales en el Per\u00fa, 2010.<\/p>\n<p>&#8212;. \u201cLos fantasmas de patr\u00f3n y del siervo como desestabilizadores de la autoridad legal en la sociedad peruana\u201d. <em>Cultura Pol\u00edtica en el Per\u00fa.<\/em> Ed. Portocarrero, Gonzalo, Juan Carlos Ubilluz and V\u00edctor Vich. Lima: Red para el Desarrollo de las Ciencias Sociales en el Per\u00fa, 2010. 13 \u2013 29.<\/p>\n<p>&#8212;. \u201cLos desaf\u00edos del proyecto humanista en el mundo de hoy\u201d <em>El futuro de las humanidades. Las humanidades del futuro. <\/em> Ed. Giusti, Miguel and Pepi Patr\u00f3n. Lima: Fondo Editorial de la Pontificia Universidad Cat\u00f3lica del Per\u00fa, 2010. 215-228.<\/p>\n<p>&#8212;. \u201cEntre el despotismo y la anarqu\u00eda: la situaci\u00f3n de los ilustrados peruanos frente al proceso de la emancipaci\u00f3n\u201d. <em>De independencias y Revoluciones. Avatares de la modernidad en Am\u00e9rica Latina. <\/em> Ed. Lillo, Gast\u00f3n and Jos\u00e9 Leandro Urbina. Santiago de Chile: LOM Ediciones, 2010. 137-155.<\/p>\n<p>Portocarrero, Gonzalo and V\u00edctor Vich. \u201cRespuestas a un Cuestionario: posiciones y situaciones\u201d <em>En torno a los Estudios Culturales. Localidades, Trayectorias y disputas. <\/em> Ed. Nelly Richard Santiago de Chile: Editorial Arcis \u2013 Clacso, 2010. 31-37.<\/p>\n<p>Raussert, Wilfried, Bond Love, Julia Andres, and Stephen Joyce (eds.). <em>Remembering and Forgetting: Memory in Image<\/em><em>s and Texts.<\/em> Bielefeld: Aisthesis Verlag, 2010.<\/p>\n<p>&#8212;. \u201cCall Me Ishmael: Melville as Archaeologist of Body and Text.\u201d <em>Remembering and Forgetting<\/em>. Ed. Raussert, Wilfried, Bond Love, Julia Andres, and Stephen Joyce. <em>Remembering and Forgetting: Memory in Image<\/em><em>s and Texts.<\/em> Bielefeld: Aisthesis Verlag, 2010. 125-136. <\/p>\n<p>&#8212;. et al. \u201cIntroduction: What We Talk About When We Talk About Memory.\u201d Ed. Raussert, Wilfried, Bond Love, Julia Andres, and Stephen Joyce. <em>Remembering and Forgetting: Memory in Image<\/em><em>s and Texts.<\/em> Bielefeld: Aisthesis Verlag, 2010. 7-20.<\/p>\n<p>&#8212;. \u201cBetween Aesthetic and Ethic Cosmopolitanism: Performance Arts and Cultural Critique.\u201d <em>The Cause of Cosmopolitanism. <\/em> Ed. Patrick 0\u2019Donovan and Laura Rascialli. London: Peter Lang, 2010.<\/p>\n<p>&#8212;. \u201cEthnic Identity Politics, Transnationalization, and Transculturalization in American Urban Popular Music.\u201d <em>FIAR: Forum for Inter-American Research<\/em> Vol 3.1 (May 2010).<\/p>\n<p>&#8212;. \u201cCine y frontera-Cinema and the Border.\u201d <em>FIAR: Forum for Inter-American Research<\/em> Vol 3.2 (November 2010).<\/p>\n<p>Rinke, Stefan. <em>Revolutionen in Lateinamerika: Wege in die Unabh\u00e4ngigkeit, 1760-1830 [Revolutions in Latin America: Paths to Independence, 1760-1830].<\/em> M\u00fcnchen: Beck, 2010.<\/p>\n<p>Rinke, Stefan and Frederik Schulze. \u201cLos or\u00edgines de las revoluciones de independencia de Am\u00e9rica Latina en perspectiva atl\u00e1ntica. <em>Estudios Ibero-americanos 36<\/em>, Nr. 2. Porto Alegre, 2010. 153-178.<\/p>\n<p>Rukwied, Annette. \u201cBetween Obligation and Empowerment: Negotiating Cultural Memory, Past and Present: Luis J. Rodr\u00edguez, <em>Always Running<\/em>. <em>La Vida Loca<\/em>. <em>Gang Days in L.A.<\/em> (1993), Luis Alberto Urrea, <em>Nobody\u2019s Son: Notes from an American Life<\/em> (1998), Oscar Casares, <em>Brownsville<\/em> (2003).\u201d <em>Remembering and Forgetting: Memory in Images and Texts<\/em>. Ed. Raussert, Wilfried et. al.  Bielefeld: Aisthesis Verlag, 2010.<\/p>\n<p>Sawhney, Minni. &#8220;El espacio en la obra fronteriza de Luis Humberto Crosthwaite y Gabriel Trujillo Mu\u00f1oz.&#8221; <em>Actas del XVI Congreso de la Asociaci\u00f3n Internacional de Hispanistas.<\/em> Ed. P. Civil\/ F. Cremoux. Frankfurt, Madrid: Vervuert, Iberoamericana, 2010.<\/p>\n<p>Schultermandl, Silvia and Sebnem Toplu (eds.) <em>A Fluid Sense of Self: The Politics of Transnational Identity in Anglophone Literatures<\/em>. <em>Contributions to Transnational Feminism 2. <\/em>M\u00fcnster: LIT Verlag, 2010.<\/p>\n<p>Schultermandl, Silvia. &#8220;Of Princesses Pari and Fox Girls: Nora Okja Keller\u2019s Transnational Performance of Korean Histories and Myths.&#8221; <em> <\/em>(ed.)<em> Beyond Culture:<\/em> <em>Transnational Asian American Warrior Women<\/em>. Ed. Lan Dong. Jefferson NC: McFarland Press, 2010. 9-25.<\/p>\n<p>&#8212;. &#8220;Trading Spaces, Locating Identities, Writing Selfhood: Lisa Suhair Majaj\u2019s and Shirley Geok-lin Lim\u2019s Transnational Life-Writing.&#8221;<em>A Fluid Sense of Self: The Politics of Transnational Identity in Anglophone Literatures<\/em>. <em>(Contributions to Transnational Feminism 3).<\/em> Ed. Silvia Schultermandl and Sebnem Toplu. Vienna: LIT Verlag, 2010. 25-41.<\/p>\n<p>&#8212;. &#8220;Introduction: A Fluid Sense of Self: The Politics Transnational Identity.&#8221;<em> A Fluid Sense of Self: The Politics of Transnational Identity in Anglophone Literatures<\/em>. <em>(Contributions to Transnational Feminism 3).<\/em> Ed. Schultermandl, Silvia and Sebnem Toplu (eds.) Vienna: LIT Verlag, 2010. 9-22.<\/p>\n<p>Thies, Sebastian and Barbara Frank-Job. \u201cKulturwissenschaftliche Linguistik und Literaturwissenschaft: Herrschaft und Schriftkultur in kolonialen Diskurstraditionen der Amerikas.\u201c<em>Literaturwissenschaft interdisziplin\u00e4r.<\/em>  Ed. Laak, Lothar van and Katja Malsch. Heidelberg: Synchron, 2010.<\/p>\n<p>Welskopp, Thomas. <em>Amerikas gro\u00dfe Ern\u00fcchterung. Eine Kulturgeschichte der Prohibition<\/em>. Paderborn: Ferdinand Sch\u00f6ningh, 2010.<\/p>\n<p>&#8212;. \u201c\u201eHonest Graft\u201c \u2013 \u201eEhrbare Bestechung\u201c. Korruption als Medium der Politik in US- amerikanischen St\u00e4dten des 19. und fr\u00fchen 20. Jahrhunderts.\u201c <em>Korruption. Historische Ann\u00e4herungen. <\/em> Ed. Niels Gr\u00fcne and Simona Slani\u010dka. G\u00f6ttingen, 2010. 221- 245.<\/p>\n<p>&#8212;. \u201cDas Phantom der \u00f6ffentlichen Meinung. Massenmedien und die Verschiebung des Parteiensystems in den USA der 1920er Jahre.\u201c <em>Politische Kultur und Medienwirklichkeiten in den 1920er Jahren. <\/em> Ed. Ute, Daniel et. al. M\u00fcnchen, 2010. 101-146.<\/p>\n<p>&#8212;. \u201cEin \u201cCheers\u201d auf das schlechte Gewissen. Gesellschaftliche Trinkkultur und Geschmacksverfall in der amerikanischen Prohibitionszeit 1920 bis 1933.\u201c <em>Vierteljahrshefte f\u00fcr Zeitgeschichte 58 Nr.2<\/em> 2010. 207-230.<\/p>\n<p>&#8212;. \u201cBirds of a Feather: A Comparative History of German and US Labor in the Nineteenth and Twentieth Centuries.\u201d <em>Comparative and Transnational History. Central European Approaches and New Perspectives.<\/em> Ed. Heinz-Gerhard Haupt and J\u00fcrgen Kocka. New York and Oxford, 2010. 149-177.<\/p>\n<p>Wood, David.&#8221;Film and the Archive: Nation, Heritage, Resistance.&#8221; <em>Cosmos and History<\/em> 6.2, 2010. 162-174. 2011.<\/p>\n","protected":false},"excerpt":{"rendered":"<p>Andres, Julia. \u201cT\u00fa eres mi otro yo \u2013 Your Story is my Story; Caramelo: Strands of Memory Woven into a Universal Pattern.\u201d Remembering and Forgetting: Memory in Images and Texts. &#8230;<\/p>\n","protected":false},"author":1,"featured_media":0,"parent":38,"menu_order":6,"comment_status":"open","ping_status":"open","template":"","meta":{"footnotes":""},"class_list":["post-286","page","type-page","status-publish","hentry"],"yoast_head":"<!-- This site is optimized with the Yoast SEO plugin v26.8 - https:\/\/yoast.com\/product\/yoast-seo-wordpress\/ -->\n<title>Members Bibliography 2010 - Inter-American Studies<\/title>\n<meta name=\"robots\" content=\"index, follow, max-snippet:-1, max-image-preview:large, max-video-preview:-1\" \/>\n<link rel=\"canonical\" href=\"http:\/\/www.interamericanstudies.net\/?page_id=286\" \/>\n<meta property=\"og:locale\" content=\"en_US\" \/>\n<meta property=\"og:type\" content=\"article\" \/>\n<meta property=\"og:title\" content=\"Members Bibliography 2010 - Inter-American Studies\" \/>\n<meta property=\"og:description\" content=\"Andres, Julia. \u201cT\u00fa eres mi otro yo \u2013 Your Story is my Story; Caramelo: Strands of Memory Woven into a Universal Pattern.\u201d Remembering and Forgetting: Memory in Images and Texts. ...\" \/>\n<meta property=\"og:url\" content=\"http:\/\/www.interamericanstudies.net\/?page_id=286\" \/>\n<meta property=\"og:site_name\" content=\"Inter-American Studies\" \/>\n<meta property=\"article:publisher\" content=\"https:\/\/www.facebook.com\/interamericanstudies2009\" \/>\n<meta property=\"article:modified_time\" content=\"2012-10-27T13:46:00+00:00\" \/>\n<meta name=\"twitter:card\" content=\"summary_large_image\" \/>\n<meta name=\"twitter:label1\" content=\"Est. reading time\" \/>\n\t<meta name=\"twitter:data1\" content=\"9 minutes\" \/>\n<script type=\"application\/ld+json\" class=\"yoast-schema-graph\">{\"@context\":\"https:\/\/schema.org\",\"@graph\":[{\"@type\":\"WebPage\",\"@id\":\"http:\/\/www.interamericanstudies.net\/?page_id=286\",\"url\":\"http:\/\/www.interamericanstudies.net\/?page_id=286\",\"name\":\"Members Bibliography 2010 - Inter-American Studies\",\"isPartOf\":{\"@id\":\"https:\/\/www.interamericanstudies.net\/#website\"},\"datePublished\":\"2010-02-07T23:00:12+00:00\",\"dateModified\":\"2012-10-27T13:46:00+00:00\",\"breadcrumb\":{\"@id\":\"http:\/\/www.interamericanstudies.net\/?page_id=286#breadcrumb\"},\"inLanguage\":\"en-US\",\"potentialAction\":[{\"@type\":\"ReadAction\",\"target\":[\"http:\/\/www.interamericanstudies.net\/?page_id=286\"]}]},{\"@type\":\"BreadcrumbList\",\"@id\":\"http:\/\/www.interamericanstudies.net\/?page_id=286#breadcrumb\",\"itemListElement\":[{\"@type\":\"ListItem\",\"position\":1,\"name\":\"Home\",\"item\":\"https:\/\/www.interamericanstudies.net\/\"},{\"@type\":\"ListItem\",\"position\":2,\"name\":\"Resources\",\"item\":\"http:\/\/www.interamericanstudies.net\/?page_id=38\"},{\"@type\":\"ListItem\",\"position\":3,\"name\":\"Members Bibliography 2010\"}]},{\"@type\":\"WebSite\",\"@id\":\"https:\/\/www.interamericanstudies.net\/#website\",\"url\":\"https:\/\/www.interamericanstudies.net\/\",\"name\":\"Inter-American Studies\",\"description\":\"International Association of Inter-American Studies\",\"publisher\":{\"@id\":\"https:\/\/www.interamericanstudies.net\/#organization\"},\"potentialAction\":[{\"@type\":\"SearchAction\",\"target\":{\"@type\":\"EntryPoint\",\"urlTemplate\":\"https:\/\/www.interamericanstudies.net\/?s={search_term_string}\"},\"query-input\":{\"@type\":\"PropertyValueSpecification\",\"valueRequired\":true,\"valueName\":\"search_term_string\"}}],\"inLanguage\":\"en-US\"},{\"@type\":\"Organization\",\"@id\":\"https:\/\/www.interamericanstudies.net\/#organization\",\"name\":\"Inter-American Studies\",\"url\":\"https:\/\/www.interamericanstudies.net\/\",\"logo\":{\"@type\":\"ImageObject\",\"inLanguage\":\"en-US\",\"@id\":\"https:\/\/www.interamericanstudies.net\/#\/schema\/logo\/image\/\",\"url\":\"http:\/\/www.interamericanstudies.net\/wp-content\/uploads\/2024\/09\/ias_logo_ohne_kleiner.png\",\"contentUrl\":\"http:\/\/www.interamericanstudies.net\/wp-content\/uploads\/2024\/09\/ias_logo_ohne_kleiner.png\",\"width\":850,\"height\":155,\"caption\":\"Inter-American Studies\"},\"image\":{\"@id\":\"https:\/\/www.interamericanstudies.net\/#\/schema\/logo\/image\/\"},\"sameAs\":[\"https:\/\/www.facebook.com\/interamericanstudies2009\"]}]}<\/script>\n<!-- \/ Yoast SEO plugin. -->","yoast_head_json":{"title":"Members Bibliography 2010 - Inter-American Studies","robots":{"index":"index","follow":"follow","max-snippet":"max-snippet:-1","max-image-preview":"max-image-preview:large","max-video-preview":"max-video-preview:-1"},"canonical":"http:\/\/www.interamericanstudies.net\/?page_id=286","og_locale":"en_US","og_type":"article","og_title":"Members Bibliography 2010 - Inter-American Studies","og_description":"Andres, Julia. \u201cT\u00fa eres mi otro yo \u2013 Your Story is my Story; Caramelo: Strands of Memory Woven into a Universal Pattern.\u201d Remembering and Forgetting: Memory in Images and Texts. ...","og_url":"http:\/\/www.interamericanstudies.net\/?page_id=286","og_site_name":"Inter-American Studies","article_publisher":"https:\/\/www.facebook.com\/interamericanstudies2009","article_modified_time":"2012-10-27T13:46:00+00:00","twitter_card":"summary_large_image","twitter_misc":{"Est. reading time":"9 minutes"},"schema":{"@context":"https:\/\/schema.org","@graph":[{"@type":"WebPage","@id":"http:\/\/www.interamericanstudies.net\/?page_id=286","url":"http:\/\/www.interamericanstudies.net\/?page_id=286","name":"Members Bibliography 2010 - Inter-American Studies","isPartOf":{"@id":"https:\/\/www.interamericanstudies.net\/#website"},"datePublished":"2010-02-07T23:00:12+00:00","dateModified":"2012-10-27T13:46:00+00:00","breadcrumb":{"@id":"http:\/\/www.interamericanstudies.net\/?page_id=286#breadcrumb"},"inLanguage":"en-US","potentialAction":[{"@type":"ReadAction","target":["http:\/\/www.interamericanstudies.net\/?page_id=286"]}]},{"@type":"BreadcrumbList","@id":"http:\/\/www.interamericanstudies.net\/?page_id=286#breadcrumb","itemListElement":[{"@type":"ListItem","position":1,"name":"Home","item":"https:\/\/www.interamericanstudies.net\/"},{"@type":"ListItem","position":2,"name":"Resources","item":"http:\/\/www.interamericanstudies.net\/?page_id=38"},{"@type":"ListItem","position":3,"name":"Members Bibliography 2010"}]},{"@type":"WebSite","@id":"https:\/\/www.interamericanstudies.net\/#website","url":"https:\/\/www.interamericanstudies.net\/","name":"Inter-American Studies","description":"International Association of Inter-American Studies","publisher":{"@id":"https:\/\/www.interamericanstudies.net\/#organization"},"potentialAction":[{"@type":"SearchAction","target":{"@type":"EntryPoint","urlTemplate":"https:\/\/www.interamericanstudies.net\/?s={search_term_string}"},"query-input":{"@type":"PropertyValueSpecification","valueRequired":true,"valueName":"search_term_string"}}],"inLanguage":"en-US"},{"@type":"Organization","@id":"https:\/\/www.interamericanstudies.net\/#organization","name":"Inter-American Studies","url":"https:\/\/www.interamericanstudies.net\/","logo":{"@type":"ImageObject","inLanguage":"en-US","@id":"https:\/\/www.interamericanstudies.net\/#\/schema\/logo\/image\/","url":"http:\/\/www.interamericanstudies.net\/wp-content\/uploads\/2024\/09\/ias_logo_ohne_kleiner.png","contentUrl":"http:\/\/www.interamericanstudies.net\/wp-content\/uploads\/2024\/09\/ias_logo_ohne_kleiner.png","width":850,"height":155,"caption":"Inter-American Studies"},"image":{"@id":"https:\/\/www.interamericanstudies.net\/#\/schema\/logo\/image\/"},"sameAs":["https:\/\/www.facebook.com\/interamericanstudies2009"]}]}},"_links":{"self":[{"href":"http:\/\/www.interamericanstudies.net\/index.php?rest_route=\/wp\/v2\/pages\/286","targetHints":{"allow":["GET"]}}],"collection":[{"href":"http:\/\/www.interamericanstudies.net\/index.php?rest_route=\/wp\/v2\/pages"}],"about":[{"href":"http:\/\/www.interamericanstudies.net\/index.php?rest_route=\/wp\/v2\/types\/page"}],"author":[{"embeddable":true,"href":"http:\/\/www.interamericanstudies.net\/index.php?rest_route=\/wp\/v2\/users\/1"}],"replies":[{"embeddable":true,"href":"http:\/\/www.interamericanstudies.net\/index.php?rest_route=%2Fwp%2Fv2%2Fcomments&post=286"}],"version-history":[{"count":6,"href":"http:\/\/www.interamericanstudies.net\/index.php?rest_route=\/wp\/v2\/pages\/286\/revisions"}],"predecessor-version":[{"id":3551,"href":"http:\/\/www.interamericanstudies.net\/index.php?rest_route=\/wp\/v2\/pages\/286\/revisions\/3551"}],"up":[{"embeddable":true,"href":"http:\/\/www.interamericanstudies.net\/index.php?rest_route=\/wp\/v2\/pages\/38"}],"wp:attachment":[{"href":"http:\/\/www.interamericanstudies.net\/index.php?rest_route=%2Fwp%2Fv2%2Fmedia&parent=286"}],"curies":[{"name":"wp","href":"https:\/\/api.w.org\/{rel}","templated":true}]}}