{"id":7093,"date":"2023-01-06T20:50:53","date_gmt":"2023-01-06T20:50:53","guid":{"rendered":"http:\/\/www.interamericanstudies.net\/?page_id=7093"},"modified":"2023-07-21T04:03:45","modified_gmt":"2023-07-21T04:03:45","slug":"registro","status":"publish","type":"page","link":"http:\/\/www.interamericanstudies.net\/?page_id=7093","title":{"rendered":"Registro"},"content":{"rendered":"<h2>Informaci\u00f3n importante para inscribirse en el encuentro<\/h2>\n<p>Para el registro de su participaci\u00f3n, usted deber\u00e1 enviar la <a href=\"http:\/\/www.interamericanstudies.net\/wp-content\/uploads\/2023\/04\/Hoja-de-registro-IAS-2023.docx\">Hoja de Registro<\/a> (como documento Word: .doc\/.docx) al correo <a href=\"mailto:Info@interamericanstudies.net\">Info@ interamericanstudies.net<\/a> antes del 15 de mayo. Todos los ponentes deben registrarse para la Conferencia antes del 31 de agosto 2023. Se podr\u00e1 realizar el pago una vez que su ponencia haya sido aceptada.<\/p>\n<p><strong>Costo de la inscripci\u00f3n por el IAS encuentro<\/strong><\/p>\n<p><span style=\"font-size: 16px; color: initial; font-family: -apple-system, BlinkMacSystemFont, 'Segoe UI', Roboto, Oxygen-Sans, Ubuntu, Cantarell, 'Helvetica Neue', sans-serif;\">Habr\u00e1 un cargo adicional de 25 d\u00f3lares en cada una de las categor\u00edas mencionadas para todos los participantes en la conferencia que se inscriban despu\u00e9s del 31 de agosto 2023.<\/span><\/p>\n<div class=\"gmail_default\">\n<div><b>1. Acad\u00e9micos miembros de las IAS<\/b><\/div>\n<div><a href=\"https:\/\/vaf.ucv.cl:8446\/PortalEventos\/evento.jsp?id=311\" target=\"_blank\" rel=\"noopener\" data-saferedirecturl=\"https:\/\/www.google.com\/url?q=https:\/\/vaf.ucv.cl:8446\/PortalEventos\/evento.jsp?id%3D311&amp;source=gmail&amp;ust=1689992094996000&amp;usg=AOvVaw1z-ADTWQ_oIrOBWZ2MUWUQ\">https:\/\/vaf.ucv.cl:8446\/<wbr \/>PortalEventos\/evento.jsp?id=<wbr \/>311<\/a><\/div>\n<div><\/div>\n<p><b>2. Acad\u00e9micos No Miembros\u00a0<\/b><\/p>\n<div><a href=\"https:\/\/vaf.ucv.cl:8446\/PortalEventos\/evento.jsp?id=312\" target=\"_blank\" rel=\"noopener\" data-saferedirecturl=\"https:\/\/www.google.com\/url?q=https:\/\/vaf.ucv.cl:8446\/PortalEventos\/evento.jsp?id%3D312&amp;source=gmail&amp;ust=1689992094996000&amp;usg=AOvVaw2UP1yIUs5C4bQkOP_3ui4M\">https:\/\/vaf.ucv.cl:8446\/<wbr \/>PortalEventos\/evento.jsp?id=<wbr \/>312<\/a><\/div>\n<div><\/div>\n<div><b>3. Estudiantes de Doctorado<\/b><\/div>\n<div><a href=\"https:\/\/vaf.ucv.cl:8446\/PortalEventos\/evento.jsp?id=313\" target=\"_blank\" rel=\"noopener\" data-saferedirecturl=\"https:\/\/www.google.com\/url?q=https:\/\/vaf.ucv.cl:8446\/PortalEventos\/evento.jsp?id%3D313&amp;source=gmail&amp;ust=1689992094996000&amp;usg=AOvVaw2L9S2EbLdDD5-mta3zJHB3\">https:\/\/vaf.ucv.cl:8446\/<wbr \/>PortalEventos\/evento.jsp?id=<wbr \/>313<\/a><\/div>\n<div><\/div>\n<div><b>4. Estudiantes de BA y MA<\/b><\/div>\n<div><a href=\"https:\/\/vaf.ucv.cl:8446\/PortalEventos\/evento.jsp?id=314\" target=\"_blank\" rel=\"noopener\" data-saferedirecturl=\"https:\/\/www.google.com\/url?q=https:\/\/vaf.ucv.cl:8446\/PortalEventos\/evento.jsp?id%3D314&amp;source=gmail&amp;ust=1689992094996000&amp;usg=AOvVaw0J7l3FbYbm1FqCihvh1SH2\">https:\/\/vaf.ucv.cl:8446\/<wbr \/>PortalEventos\/evento.jsp?id=<wbr \/>314<\/a><b><br \/>\n<\/b><\/div>\n<div><\/div>\n<div><b>5. Asistentes a la conferencia (con certificaci\u00f3n)<\/b><\/div>\n<div><a href=\"https:\/\/vaf.ucv.cl:8446\/PortalEventos\/evento.jsp?id=315\" target=\"_blank\" rel=\"noopener\" data-saferedirecturl=\"https:\/\/www.google.com\/url?q=https:\/\/vaf.ucv.cl:8446\/PortalEventos\/evento.jsp?id%3D315&amp;source=gmail&amp;ust=1689992094996000&amp;usg=AOvVaw3HiwGhBmDlId4FVQ5ke9Hp\">https:\/\/vaf.ucv.cl:8446\/<wbr \/>PortalEventos\/evento.jsp?id=<wbr \/>315<\/a><b><br \/>\n<\/b><\/div>\n<div><\/div>\n<div><b>6. Acad\u00e9micos Facultad de Filosof\u00eda y Humanidades, U. de Chile; ILCL, PUCV; Doctorado en Comunicaci\u00f3n UFRO-U. Austral Patrocinadores<\/b><\/div>\n<div><a href=\"https:\/\/vaf.ucv.cl:8446\/PortalEventos\/evento.jsp?id=316\" target=\"_blank\" rel=\"noopener\" data-saferedirecturl=\"https:\/\/www.google.com\/url?q=https:\/\/vaf.ucv.cl:8446\/PortalEventos\/evento.jsp?id%3D316&amp;source=gmail&amp;ust=1689992094996000&amp;usg=AOvVaw1xlv1B2oiVehEnjQhh5PMw\">https:\/\/vaf.ucv.cl:8446\/<wbr \/>PortalEventos\/evento.jsp?id=<wbr \/>316<\/a><\/div>\n<\/div>\n<div class=\"gmail_default\"><\/div>\n<p>Cualquier duda respecto a la forma de pago favor de contactar a: <a class=\"halo-link person-link person-to\" title=\"info@interamericanstudies.net\" role=\"button\" href=\"https:\/\/webmail.strato.com\/appsuite\/ui#\">Info@interamericanstudies.net<\/a><\/p>\n<div><\/div>\n","protected":false},"excerpt":{"rendered":"<p>Informaci\u00f3n importante para inscribirse en el encuentro Para el registro de su participaci\u00f3n, usted deber\u00e1 enviar la Hoja de Registro (como documento Word: .doc\/.docx) al correo Info@ interamericanstudies.net antes del &#8230;<\/p>\n","protected":false},"author":1,"featured_media":0,"parent":7082,"menu_order":0,"comment_status":"closed","ping_status":"closed","template":"","meta":{"footnotes":""},"class_list":["post-7093","page","type-page","status-publish","hentry"],"yoast_head":"<!-- This site is optimized with the Yoast SEO plugin v26.8 - https:\/\/yoast.com\/product\/yoast-seo-wordpress\/ -->\n<title>Registro - Inter-American Studies<\/title>\n<meta name=\"robots\" content=\"index, follow, max-snippet:-1, max-image-preview:large, max-video-preview:-1\" \/>\n<link rel=\"canonical\" href=\"http:\/\/www.interamericanstudies.net\/?page_id=7093\" \/>\n<meta property=\"og:locale\" content=\"en_US\" \/>\n<meta property=\"og:type\" content=\"article\" \/>\n<meta property=\"og:title\" content=\"Registro - Inter-American Studies\" \/>\n<meta property=\"og:description\" content=\"Informaci\u00f3n importante para inscribirse en el encuentro Para el registro de su participaci\u00f3n, usted deber\u00e1 enviar la Hoja de Registro (como documento Word: .doc\/.docx) al correo Info@ interamericanstudies.net antes del ...\" \/>\n<meta property=\"og:url\" content=\"http:\/\/www.interamericanstudies.net\/?page_id=7093\" \/>\n<meta property=\"og:site_name\" content=\"Inter-American Studies\" \/>\n<meta property=\"article:publisher\" content=\"https:\/\/www.facebook.com\/interamericanstudies2009\" \/>\n<meta property=\"article:modified_time\" content=\"2023-07-21T04:03:45+00:00\" \/>\n<meta name=\"twitter:card\" content=\"summary_large_image\" \/>\n<meta name=\"twitter:label1\" content=\"Est. reading time\" \/>\n\t<meta name=\"twitter:data1\" content=\"1 minute\" \/>\n<script type=\"application\/ld+json\" class=\"yoast-schema-graph\">{\"@context\":\"https:\/\/schema.org\",\"@graph\":[{\"@type\":\"WebPage\",\"@id\":\"http:\/\/www.interamericanstudies.net\/?page_id=7093\",\"url\":\"http:\/\/www.interamericanstudies.net\/?page_id=7093\",\"name\":\"Registro - Inter-American Studies\",\"isPartOf\":{\"@id\":\"https:\/\/www.interamericanstudies.net\/#website\"},\"datePublished\":\"2023-01-06T20:50:53+00:00\",\"dateModified\":\"2023-07-21T04:03:45+00:00\",\"breadcrumb\":{\"@id\":\"http:\/\/www.interamericanstudies.net\/?page_id=7093#breadcrumb\"},\"inLanguage\":\"en-US\",\"potentialAction\":[{\"@type\":\"ReadAction\",\"target\":[\"http:\/\/www.interamericanstudies.net\/?page_id=7093\"]}]},{\"@type\":\"BreadcrumbList\",\"@id\":\"http:\/\/www.interamericanstudies.net\/?page_id=7093#breadcrumb\",\"itemListElement\":[{\"@type\":\"ListItem\",\"position\":1,\"name\":\"Home\",\"item\":\"https:\/\/www.interamericanstudies.net\/\"},{\"@type\":\"ListItem\",\"position\":2,\"name\":\"IAS Conferences\",\"item\":\"http:\/\/www.interamericanstudies.net\/?page_id=29\"},{\"@type\":\"ListItem\",\"position\":3,\"name\":\"Cr\u00edtica y crisis en las Am\u00e9ricas: Sociedad, naturaleza, exclusiones y resistencias (Santiago, Valpara\u00edso\/Chile, 2023)\",\"item\":\"http:\/\/www.interamericanstudies.net\/?page_id=7082\"},{\"@type\":\"ListItem\",\"position\":4,\"name\":\"Registro\"}]},{\"@type\":\"WebSite\",\"@id\":\"https:\/\/www.interamericanstudies.net\/#website\",\"url\":\"https:\/\/www.interamericanstudies.net\/\",\"name\":\"Inter-American Studies\",\"description\":\"International Association of Inter-American Studies\",\"publisher\":{\"@id\":\"https:\/\/www.interamericanstudies.net\/#organization\"},\"potentialAction\":[{\"@type\":\"SearchAction\",\"target\":{\"@type\":\"EntryPoint\",\"urlTemplate\":\"https:\/\/www.interamericanstudies.net\/?s={search_term_string}\"},\"query-input\":{\"@type\":\"PropertyValueSpecification\",\"valueRequired\":true,\"valueName\":\"search_term_string\"}}],\"inLanguage\":\"en-US\"},{\"@type\":\"Organization\",\"@id\":\"https:\/\/www.interamericanstudies.net\/#organization\",\"name\":\"Inter-American Studies\",\"url\":\"https:\/\/www.interamericanstudies.net\/\",\"logo\":{\"@type\":\"ImageObject\",\"inLanguage\":\"en-US\",\"@id\":\"https:\/\/www.interamericanstudies.net\/#\/schema\/logo\/image\/\",\"url\":\"http:\/\/www.interamericanstudies.net\/wp-content\/uploads\/2024\/09\/ias_logo_ohne_kleiner.png\",\"contentUrl\":\"http:\/\/www.interamericanstudies.net\/wp-content\/uploads\/2024\/09\/ias_logo_ohne_kleiner.png\",\"width\":850,\"height\":155,\"caption\":\"Inter-American Studies\"},\"image\":{\"@id\":\"https:\/\/www.interamericanstudies.net\/#\/schema\/logo\/image\/\"},\"sameAs\":[\"https:\/\/www.facebook.com\/interamericanstudies2009\"]}]}<\/script>\n<!-- \/ Yoast SEO plugin. -->","yoast_head_json":{"title":"Registro - Inter-American Studies","robots":{"index":"index","follow":"follow","max-snippet":"max-snippet:-1","max-image-preview":"max-image-preview:large","max-video-preview":"max-video-preview:-1"},"canonical":"http:\/\/www.interamericanstudies.net\/?page_id=7093","og_locale":"en_US","og_type":"article","og_title":"Registro - Inter-American Studies","og_description":"Informaci\u00f3n importante para inscribirse en el encuentro Para el registro de su participaci\u00f3n, usted deber\u00e1 enviar la Hoja de Registro (como documento Word: .doc\/.docx) al correo Info@ interamericanstudies.net antes del ...","og_url":"http:\/\/www.interamericanstudies.net\/?page_id=7093","og_site_name":"Inter-American Studies","article_publisher":"https:\/\/www.facebook.com\/interamericanstudies2009","article_modified_time":"2023-07-21T04:03:45+00:00","twitter_card":"summary_large_image","twitter_misc":{"Est. reading time":"1 minute"},"schema":{"@context":"https:\/\/schema.org","@graph":[{"@type":"WebPage","@id":"http:\/\/www.interamericanstudies.net\/?page_id=7093","url":"http:\/\/www.interamericanstudies.net\/?page_id=7093","name":"Registro - Inter-American Studies","isPartOf":{"@id":"https:\/\/www.interamericanstudies.net\/#website"},"datePublished":"2023-01-06T20:50:53+00:00","dateModified":"2023-07-21T04:03:45+00:00","breadcrumb":{"@id":"http:\/\/www.interamericanstudies.net\/?page_id=7093#breadcrumb"},"inLanguage":"en-US","potentialAction":[{"@type":"ReadAction","target":["http:\/\/www.interamericanstudies.net\/?page_id=7093"]}]},{"@type":"BreadcrumbList","@id":"http:\/\/www.interamericanstudies.net\/?page_id=7093#breadcrumb","itemListElement":[{"@type":"ListItem","position":1,"name":"Home","item":"https:\/\/www.interamericanstudies.net\/"},{"@type":"ListItem","position":2,"name":"IAS Conferences","item":"http:\/\/www.interamericanstudies.net\/?page_id=29"},{"@type":"ListItem","position":3,"name":"Cr\u00edtica y crisis en las Am\u00e9ricas: Sociedad, naturaleza, exclusiones y resistencias (Santiago, Valpara\u00edso\/Chile, 2023)","item":"http:\/\/www.interamericanstudies.net\/?page_id=7082"},{"@type":"ListItem","position":4,"name":"Registro"}]},{"@type":"WebSite","@id":"https:\/\/www.interamericanstudies.net\/#website","url":"https:\/\/www.interamericanstudies.net\/","name":"Inter-American Studies","description":"International Association of Inter-American Studies","publisher":{"@id":"https:\/\/www.interamericanstudies.net\/#organization"},"potentialAction":[{"@type":"SearchAction","target":{"@type":"EntryPoint","urlTemplate":"https:\/\/www.interamericanstudies.net\/?s={search_term_string}"},"query-input":{"@type":"PropertyValueSpecification","valueRequired":true,"valueName":"search_term_string"}}],"inLanguage":"en-US"},{"@type":"Organization","@id":"https:\/\/www.interamericanstudies.net\/#organization","name":"Inter-American Studies","url":"https:\/\/www.interamericanstudies.net\/","logo":{"@type":"ImageObject","inLanguage":"en-US","@id":"https:\/\/www.interamericanstudies.net\/#\/schema\/logo\/image\/","url":"http:\/\/www.interamericanstudies.net\/wp-content\/uploads\/2024\/09\/ias_logo_ohne_kleiner.png","contentUrl":"http:\/\/www.interamericanstudies.net\/wp-content\/uploads\/2024\/09\/ias_logo_ohne_kleiner.png","width":850,"height":155,"caption":"Inter-American Studies"},"image":{"@id":"https:\/\/www.interamericanstudies.net\/#\/schema\/logo\/image\/"},"sameAs":["https:\/\/www.facebook.com\/interamericanstudies2009"]}]}},"_links":{"self":[{"href":"http:\/\/www.interamericanstudies.net\/index.php?rest_route=\/wp\/v2\/pages\/7093","targetHints":{"allow":["GET"]}}],"collection":[{"href":"http:\/\/www.interamericanstudies.net\/index.php?rest_route=\/wp\/v2\/pages"}],"about":[{"href":"http:\/\/www.interamericanstudies.net\/index.php?rest_route=\/wp\/v2\/types\/page"}],"author":[{"embeddable":true,"href":"http:\/\/www.interamericanstudies.net\/index.php?rest_route=\/wp\/v2\/users\/1"}],"replies":[{"embeddable":true,"href":"http:\/\/www.interamericanstudies.net\/index.php?rest_route=%2Fwp%2Fv2%2Fcomments&post=7093"}],"version-history":[{"count":16,"href":"http:\/\/www.interamericanstudies.net\/index.php?rest_route=\/wp\/v2\/pages\/7093\/revisions"}],"predecessor-version":[{"id":7218,"href":"http:\/\/www.interamericanstudies.net\/index.php?rest_route=\/wp\/v2\/pages\/7093\/revisions\/7218"}],"up":[{"embeddable":true,"href":"http:\/\/www.interamericanstudies.net\/index.php?rest_route=\/wp\/v2\/pages\/7082"}],"wp:attachment":[{"href":"http:\/\/www.interamericanstudies.net\/index.php?rest_route=%2Fwp%2Fv2%2Fmedia&parent=7093"}],"curies":[{"name":"wp","href":"https:\/\/api.w.org\/{rel}","templated":true}]}}

<h2>Información importante para inscribirse en el encuentro</h2>
<p>Para el registro de su participación, usted deberá enviar la <a href="http://www.interamericanstudies.net/wp-content/uploads/2023/04/Hoja-de-registro-IAS-2023.docx">Hoja de Registro</a> (como documento Word: .doc/.docx) al correo <a href="mailto:Info@interamericanstudies.net">Info@ interamericanstudies.net</a> antes del 15 de mayo. Todos los ponentes deben registrarse para la Conferencia antes del 31 de agosto 2023. Se podrá realizar el pago una vez que su ponencia haya sido aceptada.</p>
<p><strong>Costo de la inscripción por el IAS encuentro</strong></p>
<p><span style="font-size: 16px; color: initial; font-family: -apple-system, BlinkMacSystemFont, 'Segoe UI', Roboto, Oxygen-Sans, Ubuntu, Cantarell, 'Helvetica Neue', sans-serif;">Habrá un cargo adicional de 25 dólares en cada una de las categorías mencionadas para todos los participantes en la conferencia que se inscriban después del 31 de agosto 2023.</span></p>
<div class="gmail_default">
<div><b>1. Académicos miembros de las IAS</b></div>
<div><a href="https://vaf.ucv.cl:8446/PortalEventos/evento.jsp?id=311" target="_blank" rel="noopener" data-saferedirecturl="https://www.google.com/url?q=https://vaf.ucv.cl:8446/PortalEventos/evento.jsp?id%3D311&amp;source=gmail&amp;ust=1689992094996000&amp;usg=AOvVaw1z-ADTWQ_oIrOBWZ2MUWUQ">https://vaf.ucv.cl:8446/<wbr />PortalEventos/evento.jsp?id=<wbr />311</a></div>
<div></div>
<p><b>2. Académicos No Miembros </b></p>
<div><a href="https://vaf.ucv.cl:8446/PortalEventos/evento.jsp?id=312" target="_blank" rel="noopener" data-saferedirecturl="https://www.google.com/url?q=https://vaf.ucv.cl:8446/PortalEventos/evento.jsp?id%3D312&amp;source=gmail&amp;ust=1689992094996000&amp;usg=AOvVaw2UP1yIUs5C4bQkOP_3ui4M">https://vaf.ucv.cl:8446/<wbr />PortalEventos/evento.jsp?id=<wbr />312</a></div>
<div></div>
<div><b>3. Estudiantes de Doctorado</b></div>
<div><a href="https://vaf.ucv.cl:8446/PortalEventos/evento.jsp?id=313" target="_blank" rel="noopener" data-saferedirecturl="https://www.google.com/url?q=https://vaf.ucv.cl:8446/PortalEventos/evento.jsp?id%3D313&amp;source=gmail&amp;ust=1689992094996000&amp;usg=AOvVaw2L9S2EbLdDD5-mta3zJHB3">https://vaf.ucv.cl:8446/<wbr />PortalEventos/evento.jsp?id=<wbr />313</a></div>
<div></div>
<div><b>4. Estudiantes de BA y MA</b></div>
<div><a href="https://vaf.ucv.cl:8446/PortalEventos/evento.jsp?id=314" target="_blank" rel="noopener" data-saferedirecturl="https://www.google.com/url?q=https://vaf.ucv.cl:8446/PortalEventos/evento.jsp?id%3D314&amp;source=gmail&amp;ust=1689992094996000&amp;usg=AOvVaw0J7l3FbYbm1FqCihvh1SH2">https://vaf.ucv.cl:8446/<wbr />PortalEventos/evento.jsp?id=<wbr />314</a><b><br />
</b></div>
<div></div>
<div><b>5. Asistentes a la conferencia (con certificación)</b></div>
<div><a href="https://vaf.ucv.cl:8446/PortalEventos/evento.jsp?id=315" target="_blank" rel="noopener" data-saferedirecturl="https://www.google.com/url?q=https://vaf.ucv.cl:8446/PortalEventos/evento.jsp?id%3D315&amp;source=gmail&amp;ust=1689992094996000&amp;usg=AOvVaw3HiwGhBmDlId4FVQ5ke9Hp">https://vaf.ucv.cl:8446/<wbr />PortalEventos/evento.jsp?id=<wbr />315</a><b><br />
</b></div>
<div></div>
<div><b>6. Académicos Facultad de Filosofía y Humanidades, U. de Chile; ILCL, PUCV; Doctorado en Comunicación UFRO-U. Austral Patrocinadores</b></div>
<div><a href="https://vaf.ucv.cl:8446/PortalEventos/evento.jsp?id=316" target="_blank" rel="noopener" data-saferedirecturl="https://www.google.com/url?q=https://vaf.ucv.cl:8446/PortalEventos/evento.jsp?id%3D316&amp;source=gmail&amp;ust=1689992094996000&amp;usg=AOvVaw1xlv1B2oiVehEnjQhh5PMw">https://vaf.ucv.cl:8446/<wbr />PortalEventos/evento.jsp?id=<wbr />316</a></div>
</div>
<div class="gmail_default"></div>
<p>Cualquier duda respecto a la forma de pago favor de contactar a: <a class="halo-link person-link person-to" title="info@interamericanstudies.net" role="button" href="https://webmail.strato.com/appsuite/ui#">Info@interamericanstudies.net</a></p>
<div></div>

<p>Información importante para inscribirse en el encuentro Para el registro de su participación, usted deberá enviar la Hoja de Registro (como documento Word: .doc/.docx) al correo Info@ interamericanstudies.net antes del &#8230;</p>

<!-- This site is optimized with the Yoast SEO plugin v26.8 - https://yoast.com/product/yoast-seo-wordpress/ -->
<title>Registro - Inter-American Studies</title>
<meta name="robots" content="index, follow, max-snippet:-1, max-image-preview:large, max-video-preview:-1" />
<link rel="canonical" href="http://www.interamericanstudies.net/?page_id=7093" />
<meta property="og:locale" content="en_US" />
<meta property="og:type" content="article" />
<meta property="og:title" content="Registro - Inter-American Studies" />
<meta property="og:description" content="Información importante para inscribirse en el encuentro Para el registro de su participación, usted deberá enviar la Hoja de Registro (como documento Word: .doc/.docx) al correo Info@ interamericanstudies.net antes del ..." />
<meta property="og:url" content="http://www.interamericanstudies.net/?page_id=7093" />
<meta property="og:site_name" content="Inter-American Studies" />
<meta property="article:publisher" content="https://www.facebook.com/interamericanstudies2009" />
<meta property="article:modified_time" content="2023-07-21T04:03:45+00:00" />
<meta name="twitter:card" content="summary_large_image" />
<meta name="twitter:label1" content="Est. reading time" />
	<meta name="twitter:data1" content="1 minute" />
<script type="application/ld+json" class="yoast-schema-graph">{"@context":"https://schema.org","@graph":[{"@type":"WebPage","@id":"http://www.interamericanstudies.net/?page_id=7093","url":"http://www.interamericanstudies.net/?page_id=7093","name":"Registro - Inter-American Studies","isPartOf":{"@id":"https://www.interamericanstudies.net/#website"},"datePublished":"2023-01-06T20:50:53+00:00","dateModified":"2023-07-21T04:03:45+00:00","breadcrumb":{"@id":"http://www.interamericanstudies.net/?page_id=7093#breadcrumb"},"inLanguage":"en-US","potentialAction":[{"@type":"ReadAction","target":["http://www.interamericanstudies.net/?page_id=7093"]}]},{"@type":"BreadcrumbList","@id":"http://www.interamericanstudies.net/?page_id=7093#breadcrumb","itemListElement":[{"@type":"ListItem","position":1,"name":"Home","item":"https://www.interamericanstudies.net/"},{"@type":"ListItem","position":2,"name":"IAS Conferences","item":"http://www.interamericanstudies.net/?page_id=29"},{"@type":"ListItem","position":3,"name":"Crítica y crisis en las Américas: Sociedad, naturaleza, exclusiones y resistencias (Santiago, Valparaíso/Chile, 2023)","item":"http://www.interamericanstudies.net/?page_id=7082"},{"@type":"ListItem","position":4,"name":"Registro"}]},{"@type":"WebSite","@id":"https://www.interamericanstudies.net/#website","url":"https://www.interamericanstudies.net/","name":"Inter-American Studies","description":"International Association of Inter-American Studies","publisher":{"@id":"https://www.interamericanstudies.net/#organization"},"potentialAction":[{"@type":"SearchAction","target":{"@type":"EntryPoint","urlTemplate":"https://www.interamericanstudies.net/?s={search_term_string}"},"query-input":{"@type":"PropertyValueSpecification","valueRequired":true,"valueName":"search_term_string"}}],"inLanguage":"en-US"},{"@type":"Organization","@id":"https://www.interamericanstudies.net/#organization","name":"Inter-American Studies","url":"https://www.interamericanstudies.net/","logo":{"@type":"ImageObject","inLanguage":"en-US","@id":"https://www.interamericanstudies.net/#/schema/logo/image/","url":"http://www.interamericanstudies.net/wp-content/uploads/2024/09/ias_logo_ohne_kleiner.png","contentUrl":"http://www.interamericanstudies.net/wp-content/uploads/2024/09/ias_logo_ohne_kleiner.png","width":850,"height":155,"caption":"Inter-American Studies"},"image":{"@id":"https://www.interamericanstudies.net/#/schema/logo/image/"},"sameAs":["https://www.facebook.com/interamericanstudies2009"]}]}</script>
<!-- / Yoast SEO plugin. -->

Información importante para inscribirse en el encuentro Para el registro de su participación, usted deberá enviar la Hoja de Registro (como documento Word: .doc/.docx) al correo Info@ interamericanstudies.net antes del ...

Crítica y crisis en las Américas: Sociedad, naturaleza, exclusiones y resistencias (Santiago, Valparaíso/Chile, 2023)
