{"id":133,"date":"2010-02-07T20:12:27","date_gmt":"2010-02-07T20:12:27","guid":{"rendered":"http:\/\/www.interamericanstudies.net\/wordpress\/?page_id=133"},"modified":"2024-12-04T05:49:52","modified_gmt":"2024-12-04T05:49:52","slug":"informacion-de-pertenencia","status":"publish","type":"page","link":"https:\/\/www.interamericanstudies.net\/?page_id=133","title":{"rendered":"Informaci\u00f3n de pertenencia"},"content":{"rendered":"<p>Pertenencia es posible para individuales y instituciones. Las cuotas de afiliaci\u00f3n para particulares por a\u00f1o son las siguientes:<\/p>\n<table style=\"border-collapse: collapse; width: 100%;\">\n<tbody>\n<tr>\n<td style=\"width: 50%;\">Ingresos anuales (despu\u00e9s de impuestos)<\/td>\n<td style=\"width: 50%;\">Contribuci\u00f3n anual sugerida<\/td>\n<\/tr>\n<tr>\n<td style=\"width: 50%;\">Menos de\u00a0 $10.000 DLS<\/td>\n<td style=\"width: 50%;\">10 EUR<\/td>\n<\/tr>\n<tr>\n<td style=\"width: 50%;\">$10.000-30.000 DLS<\/td>\n<td style=\"width: 50%;\">15 EUR<\/td>\n<\/tr>\n<tr>\n<td style=\"width: 50%;\">$30.000-50.000 DLS<\/td>\n<td style=\"width: 50%;\">30 EUR<\/td>\n<\/tr>\n<tr>\n<td style=\"width: 50%;\">$50.000-70.000 DLS<\/td>\n<td style=\"width: 50%;\">60 EUR<\/td>\n<\/tr>\n<\/tbody>\n<\/table>\n<p>Pertenencias de instituciones se elevan a \u20ac100 por a\u00f1o. Para ingresar en la EIA, rellene<strong> <a href=\"http:\/\/www.interamericanstudies.net\/?page_id=135\" target=\"_blank\" rel=\"noopener\">el siguiente formulario<\/a><\/strong>, por favor. Pagos son posibles v\u00eda tarjeta de cr\u00e9dito o transferencia bancaria.<\/p>\n<p>Los beneficios de pertenencia incluyen:<\/p>\n<ul>\n<li>Acceso a las p\u00e1ginas del \u201cForo\u201d y de \u201cNetworks\u201d de www.interamericanstudies.net<\/li>\n<li>Oportunidad de encontrar socios cooperadores mediante la asociaci\u00f3n<\/li>\n<li>Perspectiva de informar otros sobre su trabajo acad\u00e9mico v\u00eda la p\u00e1gina web de la EIA<\/li>\n<li>Opci\u00f3n de fijar anuncios en la p\u00e1gina web de la EIA<\/li>\n<li>Recibo del bolet\u00edn electr\u00f3nico<\/li>\n<li>Tasa de inscripci\u00f3n baja para la conferencia bianual de la asociaci\u00f3n<\/li>\n<\/ul>\n<p>La Asociaci\u00f3n Internacional de Estudios Interamericanos es libre de impuestos y una organizaci\u00f3n de utilidad p\u00fablica. Si Ud. quer\u00eda donar a la asociaci\u00f3n, establecen contacto con la <a href=\"mailto:heidrun.moertl@uni-graz.at\"><strong>tesorera<\/strong><\/a> de la EIA.<\/p>\n","protected":false},"excerpt":{"rendered":"<p>Pertenencia es posible para individuales y instituciones. Las cuotas de afiliaci\u00f3n para particulares por a\u00f1o son las siguientes: Ingresos anuales (despu\u00e9s de impuestos) Contribuci\u00f3n anual sugerida Menos de\u00a0 $10.000 DLS &#8230;<\/p>\n","protected":false},"author":1,"featured_media":0,"parent":54,"menu_order":21,"comment_status":"open","ping_status":"closed","template":"","meta":{"footnotes":""},"class_list":["post-133","page","type-page","status-publish","hentry"],"yoast_head":"<!-- This site is optimized with the Yoast SEO plugin v26.8 - https:\/\/yoast.com\/product\/yoast-seo-wordpress\/ -->\n<title>Informaci\u00f3n de pertenencia - Inter-American Studies<\/title>\n<meta name=\"robots\" content=\"index, follow, max-snippet:-1, max-image-preview:large, max-video-preview:-1\" \/>\n<link rel=\"canonical\" href=\"https:\/\/www.interamericanstudies.net\/?page_id=133\" \/>\n<meta property=\"og:locale\" content=\"en_US\" \/>\n<meta property=\"og:type\" content=\"article\" \/>\n<meta property=\"og:title\" content=\"Informaci\u00f3n de pertenencia - Inter-American Studies\" \/>\n<meta property=\"og:description\" content=\"Pertenencia es posible para individuales y instituciones. Las cuotas de afiliaci\u00f3n para particulares por a\u00f1o son las siguientes: Ingresos anuales (despu\u00e9s de impuestos) Contribuci\u00f3n anual sugerida Menos de\u00a0 $10.000 DLS ...\" \/>\n<meta property=\"og:url\" content=\"https:\/\/www.interamericanstudies.net\/?page_id=133\" \/>\n<meta property=\"og:site_name\" content=\"Inter-American Studies\" \/>\n<meta property=\"article:publisher\" content=\"https:\/\/www.facebook.com\/interamericanstudies2009\" \/>\n<meta property=\"article:modified_time\" content=\"2024-12-04T05:49:52+00:00\" \/>\n<meta name=\"twitter:card\" content=\"summary_large_image\" \/>\n<meta name=\"twitter:label1\" content=\"Est. reading time\" \/>\n\t<meta name=\"twitter:data1\" content=\"1 minute\" \/>\n<script type=\"application\/ld+json\" class=\"yoast-schema-graph\">{\"@context\":\"https:\/\/schema.org\",\"@graph\":[{\"@type\":\"WebPage\",\"@id\":\"https:\/\/www.interamericanstudies.net\/?page_id=133\",\"url\":\"https:\/\/www.interamericanstudies.net\/?page_id=133\",\"name\":\"Informaci\u00f3n de pertenencia - Inter-American Studies\",\"isPartOf\":{\"@id\":\"http:\/\/www.interamericanstudies.net\/#website\"},\"datePublished\":\"2010-02-07T20:12:27+00:00\",\"dateModified\":\"2024-12-04T05:49:52+00:00\",\"breadcrumb\":{\"@id\":\"https:\/\/www.interamericanstudies.net\/?page_id=133#breadcrumb\"},\"inLanguage\":\"en-US\",\"potentialAction\":[{\"@type\":\"ReadAction\",\"target\":[\"https:\/\/www.interamericanstudies.net\/?page_id=133\"]}]},{\"@type\":\"BreadcrumbList\",\"@id\":\"https:\/\/www.interamericanstudies.net\/?page_id=133#breadcrumb\",\"itemListElement\":[{\"@type\":\"ListItem\",\"position\":1,\"name\":\"Home\",\"item\":\"http:\/\/www.interamericanstudies.net\/\"},{\"@type\":\"ListItem\",\"position\":2,\"name\":\"En Espa\u00f1ol\",\"item\":\"http:\/\/www.interamericanstudies.net\/?page_id=54\"},{\"@type\":\"ListItem\",\"position\":3,\"name\":\"Informaci\u00f3n de pertenencia\"}]},{\"@type\":\"WebSite\",\"@id\":\"http:\/\/www.interamericanstudies.net\/#website\",\"url\":\"http:\/\/www.interamericanstudies.net\/\",\"name\":\"Inter-American Studies\",\"description\":\"International Association of Inter-American Studies\",\"publisher\":{\"@id\":\"http:\/\/www.interamericanstudies.net\/#organization\"},\"potentialAction\":[{\"@type\":\"SearchAction\",\"target\":{\"@type\":\"EntryPoint\",\"urlTemplate\":\"http:\/\/www.interamericanstudies.net\/?s={search_term_string}\"},\"query-input\":{\"@type\":\"PropertyValueSpecification\",\"valueRequired\":true,\"valueName\":\"search_term_string\"}}],\"inLanguage\":\"en-US\"},{\"@type\":\"Organization\",\"@id\":\"http:\/\/www.interamericanstudies.net\/#organization\",\"name\":\"Inter-American Studies\",\"url\":\"http:\/\/www.interamericanstudies.net\/\",\"logo\":{\"@type\":\"ImageObject\",\"inLanguage\":\"en-US\",\"@id\":\"http:\/\/www.interamericanstudies.net\/#\/schema\/logo\/image\/\",\"url\":\"http:\/\/www.interamericanstudies.net\/wp-content\/uploads\/2024\/09\/ias_logo_ohne_kleiner.png\",\"contentUrl\":\"http:\/\/www.interamericanstudies.net\/wp-content\/uploads\/2024\/09\/ias_logo_ohne_kleiner.png\",\"width\":850,\"height\":155,\"caption\":\"Inter-American Studies\"},\"image\":{\"@id\":\"http:\/\/www.interamericanstudies.net\/#\/schema\/logo\/image\/\"},\"sameAs\":[\"https:\/\/www.facebook.com\/interamericanstudies2009\"]}]}<\/script>\n<!-- \/ Yoast SEO plugin. -->","yoast_head_json":{"title":"Informaci\u00f3n de pertenencia - Inter-American Studies","robots":{"index":"index","follow":"follow","max-snippet":"max-snippet:-1","max-image-preview":"max-image-preview:large","max-video-preview":"max-video-preview:-1"},"canonical":"https:\/\/www.interamericanstudies.net\/?page_id=133","og_locale":"en_US","og_type":"article","og_title":"Informaci\u00f3n de pertenencia - Inter-American Studies","og_description":"Pertenencia es posible para individuales y instituciones. Las cuotas de afiliaci\u00f3n para particulares por a\u00f1o son las siguientes: Ingresos anuales (despu\u00e9s de impuestos) Contribuci\u00f3n anual sugerida Menos de\u00a0 $10.000 DLS ...","og_url":"https:\/\/www.interamericanstudies.net\/?page_id=133","og_site_name":"Inter-American Studies","article_publisher":"https:\/\/www.facebook.com\/interamericanstudies2009","article_modified_time":"2024-12-04T05:49:52+00:00","twitter_card":"summary_large_image","twitter_misc":{"Est. reading time":"1 minute"},"schema":{"@context":"https:\/\/schema.org","@graph":[{"@type":"WebPage","@id":"https:\/\/www.interamericanstudies.net\/?page_id=133","url":"https:\/\/www.interamericanstudies.net\/?page_id=133","name":"Informaci\u00f3n de pertenencia - Inter-American Studies","isPartOf":{"@id":"http:\/\/www.interamericanstudies.net\/#website"},"datePublished":"2010-02-07T20:12:27+00:00","dateModified":"2024-12-04T05:49:52+00:00","breadcrumb":{"@id":"https:\/\/www.interamericanstudies.net\/?page_id=133#breadcrumb"},"inLanguage":"en-US","potentialAction":[{"@type":"ReadAction","target":["https:\/\/www.interamericanstudies.net\/?page_id=133"]}]},{"@type":"BreadcrumbList","@id":"https:\/\/www.interamericanstudies.net\/?page_id=133#breadcrumb","itemListElement":[{"@type":"ListItem","position":1,"name":"Home","item":"http:\/\/www.interamericanstudies.net\/"},{"@type":"ListItem","position":2,"name":"En Espa\u00f1ol","item":"http:\/\/www.interamericanstudies.net\/?page_id=54"},{"@type":"ListItem","position":3,"name":"Informaci\u00f3n de pertenencia"}]},{"@type":"WebSite","@id":"http:\/\/www.interamericanstudies.net\/#website","url":"http:\/\/www.interamericanstudies.net\/","name":"Inter-American Studies","description":"International Association of Inter-American Studies","publisher":{"@id":"http:\/\/www.interamericanstudies.net\/#organization"},"potentialAction":[{"@type":"SearchAction","target":{"@type":"EntryPoint","urlTemplate":"http:\/\/www.interamericanstudies.net\/?s={search_term_string}"},"query-input":{"@type":"PropertyValueSpecification","valueRequired":true,"valueName":"search_term_string"}}],"inLanguage":"en-US"},{"@type":"Organization","@id":"http:\/\/www.interamericanstudies.net\/#organization","name":"Inter-American Studies","url":"http:\/\/www.interamericanstudies.net\/","logo":{"@type":"ImageObject","inLanguage":"en-US","@id":"http:\/\/www.interamericanstudies.net\/#\/schema\/logo\/image\/","url":"http:\/\/www.interamericanstudies.net\/wp-content\/uploads\/2024\/09\/ias_logo_ohne_kleiner.png","contentUrl":"http:\/\/www.interamericanstudies.net\/wp-content\/uploads\/2024\/09\/ias_logo_ohne_kleiner.png","width":850,"height":155,"caption":"Inter-American Studies"},"image":{"@id":"http:\/\/www.interamericanstudies.net\/#\/schema\/logo\/image\/"},"sameAs":["https:\/\/www.facebook.com\/interamericanstudies2009"]}]}},"_links":{"self":[{"href":"https:\/\/www.interamericanstudies.net\/index.php?rest_route=\/wp\/v2\/pages\/133","targetHints":{"allow":["GET"]}}],"collection":[{"href":"https:\/\/www.interamericanstudies.net\/index.php?rest_route=\/wp\/v2\/pages"}],"about":[{"href":"https:\/\/www.interamericanstudies.net\/index.php?rest_route=\/wp\/v2\/types\/page"}],"author":[{"embeddable":true,"href":"https:\/\/www.interamericanstudies.net\/index.php?rest_route=\/wp\/v2\/users\/1"}],"replies":[{"embeddable":true,"href":"https:\/\/www.interamericanstudies.net\/index.php?rest_route=%2Fwp%2Fv2%2Fcomments&post=133"}],"version-history":[{"count":5,"href":"https:\/\/www.interamericanstudies.net\/index.php?rest_route=\/wp\/v2\/pages\/133\/revisions"}],"predecessor-version":[{"id":7441,"href":"https:\/\/www.interamericanstudies.net\/index.php?rest_route=\/wp\/v2\/pages\/133\/revisions\/7441"}],"up":[{"embeddable":true,"href":"https:\/\/www.interamericanstudies.net\/index.php?rest_route=\/wp\/v2\/pages\/54"}],"wp:attachment":[{"href":"https:\/\/www.interamericanstudies.net\/index.php?rest_route=%2Fwp%2Fv2%2Fmedia&parent=133"}],"curies":[{"name":"wp","href":"https:\/\/api.w.org\/{rel}","templated":true}]}}